?
False
Does 38 divide 5612?
False
Does 37 divide 1001?
False
Is 53 a factor of 795?
True
Is 34593 a multiple of 13?
True
Is 22 a factor of 22583?
False
Is 8 a factor of 160?
True
Does 30 divide 827?
False
Is 908 a multiple of 9?
False
Does 10 divide 320?
True
Is 12 a factor of 875?
False
Is 254 a multiple of 6?
False
Is 499 a multiple of 59?
False
Is 24 a factor of 2539?
False
Is 9792 a multiple of 96?
True
Is 33 a factor of 485?
False
Is 3520 a multiple of 16?
True
Is 5 a factor of 598?
False
Does 75 divide 900?
True
Does 7 divide 28090?
False
Does 3 divide 90?
True
Is 17 a factor of 209?
False
Is 79 a factor of 316?
True
Does 23 divide 18198?
False
Is 21111 a multiple of 3?
True
Does 146 divide 18798?
False
Does 32 divide 800?
True
Is 45 a factor of 29790?
True
Is 130448 a multiple of 263?
True
Does 39 divide 16795?
False
Is 68 a factor of 800?
False
Does 14 divide 2604?
True
Is 832 a multiple of 16?
True
Is 11 a factor of 3281?
False
Is 14386 a multiple of 10?
False
Does 70 divide 4410?
True
Does 9 divide 1477?
False
Does 52 divide 9048?
True
Is 93 a multiple of 31?
True
Is 46 a factor of 1105?
False
Is 15 a factor of 1590?
True
Does 69 divide 3128?
False
Does 32 divide 29105?
False
Does 54 divide 2808?
True
Is 16 a factor of 19?
False
Is 53523 a multiple of 261?
False
Is 6 a factor of 188?
False
Is 274 a factor of 46854?
True
Is 126 a factor of 7912?
False
Is 6364 a multiple of 37?
True
Is 16463 a multiple of 101?
True
Is 596 a multiple of 109?
False
Is 3078 a multiple of 38?
True
Is 25 a factor of 14675?
True
Does 149 divide 5811?
True
Is 5976 a multiple of 36?
True
Is 210 a factor of 4821?
False
Does 42 divide 1176?
True
Is 9 a factor of 170?
False
Does 22 divide 396?
True
Does 12 divide 3624?
True
Does 19 divide 2356?
True
Is 20 a factor of 20?
True
Is 1155 a multiple of 33?
True
Does 11 divide 11486?
False
Is 638 a multiple of 5?
False
Does 74 divide 17781?
False
Is 393 a multiple of 4?
False
Is 4445 a multiple of 65?
False
Is 820 a multiple of 20?
True
Does 30 divide 600?
True
Does 13 divide 1391?
True
Is 59 a factor of 8133?
False
Is 48022 a multiple of 13?
True
Does 15 divide 13561?
False
Is 62 a multiple of 3?
False
Is 17 a factor of 515?
False
Does 26 divide 89268?
False
Is 1631 a multiple of 24?
False
Is 6533 a multiple of 47?
True
Is 12 a factor of 11025?
False
Is 8475 a multiple of 15?
True
Is 63 a factor of 4979?
False
Is 51 a factor of 36159?
True
Is 506 a multiple of 46?
True
Does 13 divide 462?
False
Is 592 a multiple of 37?
True
Is 1078 a multiple of 49?
True
Is 14 a factor of 434?
True
Does 15 divide 810?
True
Is 2114 a multiple of 151?
True
Does 16 divide 103476?
False
Is 2706 a multiple of 11?
True
Is 18 a factor of 625?
False
Is 6067 a multiple of 34?
False
Does 9 divide 27394?
False
Does 22 divide 121?
False
Is 61 a factor of 1441?
False
Is 37 a factor of 777?
True
Does 36 divide 2011?
False
Is 245 a multiple of 5?
True
Is 573 a multiple of 28?
False
Does 14 divide 1246?
True
Does 101 divide 54603?
False
Is 14 a factor of 2422?
True
Is 30160 a multiple of 58?
True
Is 9 a factor of 495?
True
Is 75732 a multiple of 12?
True
Is 121 a factor of 25244?
False
Is 109 a factor of 43818?
True
Is 2343 a multiple of 11?
True
Does 9 divide 39?
False
Is 45 a factor of 2515?
False
Is 7690 a multiple of 10?
True
Does 85 divide 6672?
False
Does 28 divide 37687?
False
Does 4 divide 170?
False
Is 15 a factor of 762?
False
Is 6140 a multiple of 4?
True
Is 6811 a multiple of 7?
True
Does 3 divide 84?
True
Is 473 a multiple of 4?
False
Is 236 a multiple of 59?
True
Does 67 divide 893?
False
Does 38 divide 855?
False
Is 25 a factor of 25925?
True
Is 66 a factor of 5082?
True
Is 8115 a multiple of 15?
True
Does 8 divide 492?
False
Is 68 a factor of 884?
True
Is 1562 a multiple of 107?
False
Is 546 a multiple of 26?
True
Is 17 a factor of 1113?
False
Is 510 a multiple of 3?
True
Is 95 a factor of 48904?
False
Does 4 divide 17873?
False
Is 35 a factor of 10198?
False
Is 7595 a multiple of 35?
True
Does 406 divide 77288?
False
Is 1887 a multiple of 17?
True
Does 10 divide 1300?
True
Does 227 divide 43811?
True
Is 106 a factor of 62769?
False
Does 11 divide 4444?
True
Is 59 a factor of 1180?
True
Is 6720 a multiple of 40?
True
Is 8 a factor of 56264?
True
Is 13 a factor of 910?
True
Is 72 a factor of 13824?
True
Is 19 a factor of 111334?
False
Is 3021 a multiple of 59?
False
Does 83 divide 26808?
False
Is 255 even?
False
Is 4966 a multiple of 18?
False
Is 71544 a multiple of 132?
True
Is 180 a multiple of 14?
False
Does 11 divide 3223?
True
Is 432 a multiple of 27?
True
Does 3 divide 258?
True
Is 10 a factor of 339?
False
Is 6 a factor of 66?
True
Is 813 a multiple of 271?
True
Does 103 divide 9143?
False
Does 21 divide 62929?
False
Does 46 divide 81665?
False
Does 119 divide 19635?
True
Does 28 divide 704?
False
Is 1774 a multiple of 21?
False
Is 15 a factor of 579?
False
Is 31 a factor of 94?
False
Does 35 divide 2081?
False
Does 42 divide 798?
True
Is 27733 a multiple of 22?
False
Does 4 divide 277?
False
Does 48 divide 1968?
True
Does 24 divide 9696?
True
Does 37 divide 9318?
False
Does 10 divide 4819?
False
Does 17 divide 439?
False
Does 85 divide 1044?
False
Is 5389 a multiple of 189?
False
Is 12024 a multiple of 12?
True
Is 46 a factor of 6360?
False
Does 19 divide 95?
True
Does 16 divide 20560?
True
Is 69329 a multiple of 13?
True
Is 5 a factor of 3795?
True
Is 74 a factor of 1110?
True
Is 112 a factor of 9763?
False
Is 33 a factor of 3861?
True
Is 11144 a multiple of 14?
True
Is 4828 a multiple of 60?
False
Is 214 a multiple of 4?
False
Is 42 a multiple of 6?
True
Is 850 a multiple of 25?
True
Is 6501 a multiple of 26?
False
Is 62 a factor of 434?
True
Is 261 a multiple of 9?
True
Is 88 a factor of 22341?
False
Does 13 divide 348?
False
Does 53 divide 1112?
False
Does 7 divide 686?
True
Does 94 divide 17117?
False
Is 26 a factor of 14569?
False
Is 252 a multiple of 6?
True
Is 6 a factor of 265?
False
Does 26 divide 5434?
True
Is 34 a factor of 24106?
True
Is 1596 a multiple of 42?
True
Does 13 divide 23400?
True
Does 30 divide 99840?
True
Is 7 a factor of 62?
False
Is 21 a factor of 11591?
False
Does 13 divide 9140?
False
Is 50048 a multiple of 32?
True
Is 63 a factor of 1071?
True
Does 4 divide 595?
False
Is 195 a multiple of 28?
False
Is 7243 a multiple of 3?
False
Does 21 divide 1918?
False
Is 62 a multiple of 4?
False
Is 216 a multiple of 3?
True
Does 7 divide 280?
True
Is 8235 a multiple of 27?
True
Is 60 a factor of 57180?
True
Does 27 divide 199?
False
Is 1258 a multiple of 46?
False
Is 1020 a multiple of 30?
True
Is 151 a factor of 3926?
True
Does 35 divide 621?
False
Is 2155 a multiple of 117?
False
Is 875 a multiple of 35?
True
Is 12113 a multiple of 42?
False
Is 11 a factor of 2513?
False
Is 4419 a multiple of 17?
False
Is 40256 a multiple of 272?
True
Is 14 a factor of 2127?
False
Is 1650 a multiple of 22?
True
Is 76 a factor of 1484?
False
Is 47692 a multiple of 259?
False
Is 22 a factor of 79294?
False
Is 123 a factor of 1599?
True
Is 74 a factor of 3182?
True
Is 24 a factor of 330?
False
Does 86 divide 359?
False
Is 25413 a multiple of 43?
True
Is 40469 a multiple of 159?
False
Is 12989 a multiple of 36?
False
Is 136 a multiple of 57?
False
Is 181 a multiple of 5?
False
Is 4 a factor of 16?
True
Is 286 a factor of 27738?
False
Is 40 a factor of 2191?
False
Is 8 a factor of 896?
True
Does 6 divide 3865?
False
Is 6 a factor of 73?
False
Is 20 a factor of 520?
True
Is 1872 a multiple of 144?
True
Is 3006 a multiple of 9?
True
Is 18 a factor of 12703?
False
Does 4 divide 35600?
True
Is 4149 a multiple of 87?
False
Is 38 a factor of 149750?
False
Is 49756 a multiple of 4?
True
Is 2 a factor of 261?
False
Is 44635 a multiple of 395?
True
Is 5 a factor of 130?
True
Is 130 a multiple of 42?
False
Does 34 divide 26554?
True
Is 98 a factor of 36064?
True
Does 33 divide 462?
True
Does 25 divide 55938?
False
Is 3620 a multiple of 37?
False
Is 11 a factor of 1040?
False
Does 56 divide 224?
True
Is 6333 a multiple of 11?
False
Does 12 divide 1405?
False
Is 240 a multiple of 20?
True
Is 9424 a multiple of 124?
True
Is 2124 a multiple of 6?
True
Is 11 a factor of 17380?
True
Is 2697 a multiple of 104?
False
Does 4 divide 403?
Fals